= -g(j) - 6*u(j). List the prime factors of m(-4).
2, 13
Let g(j) = 4*j - 2*j + 3*j - 3. Let v(f) = -f. Let k(i) = g(i) - 5*v(i). What are the prime factors of k(3)?
3
Suppose -3*q = 3*b - 30, -2*b + 4*q = q - 10. List the prime factors of 1080/5 - (-5)/((-20)/b).
2, 107
Let k = 10 - 3. Suppose 0 = z + 2 - k. List the prime factors of ((-3)/z)/(3/(-195)).
3, 13
Let z = 25 + -20. Suppose -193 = -2*y - y + 5*u, 2*y - 132 = z*u. What are the prime factors of y?
61
Suppose n - 28 = -5*h, 3*n + h = 8*n - 244. Let d be 1/(-1)*n/(-1). Suppose -4*q - 1 = 3*y - d, 2*y - 46 = -4*q. What are the prime factors of q?
11
Let x = 70 + -68. What are the prime factors of 13992/120 + x/5?
3, 13
Let w(f) = -4*f**2 + 4*f - 6. Let l be w(5). Let i = l - -182. Let d = i - 18. What are the prime factors of d?
2, 3, 13
Let x be ((10 - 3) + -6)*-5. Let w(n) be the third derivative of -n**6/120 - n**5/15 - n**4/24 - n**3 + n**2. List the prime factors of w(x).
2, 3
Let y = 394 + -61. What are the prime factors of y?
3, 37
Let a(v) = -25*v - 45. What are the prime factors of a(-15)?
2, 3, 5, 11
Let w(g) = -g**2 + 5*g - 6. Let j be w(11). Let r = j + 118. What are the prime factors of r?
2, 23
Suppose 28*b = 35*b - 18284. List the prime factors of b.
2, 653
Let m be 94/(12/4*4/6). Let t = m + 46. List the prime factors of t.
3, 31
Suppose 230*p - 76 = -4*z + 228*p, 3*p - 60 = -3*z. What are the prime factors of z?
2, 3
Let v be (22 + 2)*5/10. List the prime factors of 47/(-3*(-4)/v).
47
Let w = -13 - -22. Let m = w + -7. Suppose 2*u - 3*u = -p + 45, m*p - 100 = 4*u. List the prime factors of p.
2, 5
Suppose -2*b = -2780 - 1270. List the prime factors of b.
3, 5
Suppose -6647 = 6*k - 29*k. What are the prime factors of k?
17
Suppose -1 = 3*d + 224. Let m = 151 - d. What are the prime factors of m?
2, 113
Suppose -5*c + 8*c = -h + 1740, -h = -4*c - 1705. List the prime factors of h.
3, 5, 23
Suppose 2*m = 5*v + 75, -m - 5*v + 45 = -0*m. Suppose -5*j + 88 = -27. Let b = m - j. What are the prime factors of b?
17
Let p(a) = a**2 + 4*a - 61. Let j(c) = -2*c**2 - 7*c + 122. Let l(x) = -3*j(x) - 5*p(x). Let r be l(0). Let q = -31 - r. What are the prime factors of q?
2, 3, 5
Let f(o) = 2*o**2 + 2*o + 2. Let k be f(-2). Suppose -51 = k*j - 585. What are the prime factors of j?
89
What are the prime factors of (4204 + ((-2)/2 - 6))/1?
3, 1399
List the prime factors of -9 - 51*(-428)/12.
2, 5, 181
Let l = -5366 + 7690. List the prime factors of l.
2, 7, 83
Let i(l) = -l**3 + 2*l**2 + 3*l + 3. Let q be i(3). Suppose 115 - 319 = -q*z. List the prime factors of z.
2, 17
Let k = -676 - -373. Let a = k - -477. What are the prime factors of a?
2, 3, 29
Suppose 0 = -2*p - 3*s + 6, -2*s + 6 - 2 = -5*p. Suppose -4*v + a = -p*a - 20, 3*v - 16 = a. Suppose -79 = -v*y + 21. What are the prime factors of y?
5
Let z(j) = j + 13. Let m be z(16). Suppose 0*a - a - 4*n + m = 0, 5*a = 5*n + 170. List the prime factors of a.
3, 11
Let g(k) = -31*k + 9. Let p be g(-7). Let j = p - 161. Suppose 2*z = j + 19. List the prime factors of z.
2, 3, 7
List the prime factors of 0/(-2 + 1) + (-1780)/(-5).
2, 89
Let y = -469 + 601. List the prime factors of y.
2, 3, 11
Suppose x = 3*p - p - 10, 25 = -4*x + 3*p. List the prime factors of (1 + -65)/(8/x).
2
Suppose 18 - 27 = 3*s. Let c = s - -7. Suppose -4*h + 26 = 2*k, -2*k + 3 - 9 = -c*h. What are the prime factors of h?
2
Let k be 8/(-2) + 3 + 4. Suppose 76 = k*d + 184. Let u = d + 59. List the prime factors of u.
23
Let q(h) = 47*h + 270. List the prime factors of q(-4).
2, 41
Let l(p) = 4*p + 17. Let q(z) = -5*z - 17. Let m(d) = 4*l(d) + 3*q(d). Let i be m(-13). Suppose -o + i = -13. What are the prime factors of o?
17
Suppose -3*g - 3*b = -2244, 6*g - 3008 = 2*g + 4*b. List the prime factors of g.
2, 3, 5
Suppose -5*q - 4*w = -45, q - 5*w - 51 = -q. Let p(n) = -5*n**3 + 2*n**2 + 2*n + 2. Let m be p(-1). Let f = q - m. What are the prime factors of f?
2, 3
Suppose 6*o = -7 + 1. Let j(h) = -8*h. What are the prime factors of j(o)?
2
Let u = 91 + -129. Let x = u - -72. What are the prime factors of x?
2, 17
Let m(v) = 197*v + 96. List the prime factors of m(4).
2, 13, 17
Let c = -1293 + 1349. Let p be (0 - 1)*(-1 + -78). Suppose 5*v = 2*f - c, 4*f - f - p = 5*v. List the prime factors of f.
23
Let z(q) = -2*q**2 - q + 97. Let f(k) = -2*k - 14. Let h be f(-7). What are the prime factors of z(h)?
97
Suppose 2*l = l + 3. Suppose -x = -l*s + 188, 0 = -3*s + 5*s - 2*x - 124. What are the prime factors of s?
3, 7
Let c(u) = 5*u - 5. Let j be c(5). Suppose 2*v - j = -2*v. Suppose -3*o = -v*o + 8. List the prime factors of o.
2
Let p = -13 - -72. Let n = 270 - p. What are the prime factors of n?
211
Suppose 2*k + 24 = k. Let l be 1/1 - k/(-2). Let n = l + 20. List the prime factors of n.
3
Let y be 1/(-5)*2*-5. Let b(a) = 10*a**2 - a + 2. Let i be b(y). Suppose 0*z = 4*z - i. What are the prime factors of z?
2, 5
Suppose -2*r + 0*r = 0. Suppose 41 = -r*y + 5*y - 2*c, 3*c = -4*y + 19. Suppose 4*h - y*h + 12 = 0. What are the prime factors of h?
2
Suppose 0 = -136*p + 131*p + 20, 0 = 3*c - p - 8444. What are the prime factors of c?
2, 11
What are the prime factors of 3 + 4 + 0 - -1144?
1151
Let t(l) = -5*l**2 - l + 2. Let r be t(2). Let f be 4 - (-5)/(r/8). Suppose -3*o + 130 = f*o. What are the prime factors of o?
2, 13
Let z(x) = 7*x**2 - 7*x**2 + 11*x**2 + 12*x + x**3 - 22 + 11. Let r be z(-6). Suppose w - 4*n = -2*w + r, -4*n = -w + 43. What are the prime factors of w?
3
Suppose -3*n + 3947 + 2305 = 0. Suppose 0 = -9*y + n - 725. What are the prime factors of y?
151
Let c(y) = 4*y + 10. Let k be c(5). Suppose 26 = 4*m - 2*v, -2*m - k = -5*m + 5*v. What are the prime factors of m?
5
Suppose -2*d = 11*d - 26. Let u(y) = 58*y**2 + y - 1. What are the prime factors of u(d)?
233
Let q(r) = -1604*r - 141. List the prime factors of q(-2).
3067
Suppose 0 = -8*n + 2*n - 216. Let d = n + 113. What are the prime factors of d?
7, 11
Let k(d) = 5*d**3 + 13*d**2 + 7*d - 12. Let s(w) = -w**3 - w**2 + 1. Let v(j) = k(j) + 4*s(j). Let y be v(-6). Let a = y + -29. List the prime factors of a.
29
Suppose -w + 129 = 449. Let a = w - -449. Suppose -3*n + a = -3*m + 8*m, 5*n - 178 = 4*m. What are the prime factors of n?
2, 19
Let m(q) = -q**3 + 6*q**2 + 15*q + 4. Let i be m(7). Suppose 3*g - i = 5*h, 0*h = -3*g + 4*h + 57. List the prime factors of g.
3, 5
Let k = -21 - -21. Suppose -2*x = -3*v - 65, 2*x - 72 = -k*x - 4*v. What are the prime factors of x?
2, 17
Let f = 4583 - -1148. List the prime factors of f.
11, 521
Let b(p) = -2*p**3 + 46*p**2 - 30*p + 27. What are the prime factors of b(22)?
5, 67
Let v(p) = p**3 - 15*p**2 + 5*p - 56. Suppose 3*b = -13 + 61. What are the prime factors of v(b)?
2, 5, 7
Let w = 1306 - 741. What are the prime factors of w?
5, 113
Let r = 379 + -373. List the prime factors of r.
2, 3
Let s(u) = -4*u**2 + 3*u + 16. Let h be s(-6). Let t = h + 243. List the prime factors of t.
97
Let h(f) = 4*f - 63. Let b be h(18). Suppose 584 = 4*k - 4*n, k - 4*n = -b + 140. What are the prime factors of k?
151
Let a = 414 - 79. List the prime factors of a.
5, 67
Let y = -2 - -4. Suppose -a + 5*i = -20, -2*a = y*a + 4*i - 32. Let s = -4 + a. What are the prime factors of s?
2, 3
Let x(y) = -y**3 + 3*y**2 - 6*y + 6. Let z be x(2). Let i(l) = -9*l**3 - l**2 + 2. List the prime factors of i(z).
2, 5, 7
Let d = 49 - 154. Let b = d - -200. What are the prime factors of b?
5, 19
Let n(l) = 7 + l**2 + 22*l - 14*l - 14*l. List the prime factors of n(-5).
2, 31
Let g = 831 - 529. Let p = g - 150. List the prime factors of p.
2, 19
Suppose 8*w + 76 = q + 3*w, 4*w = -5*q + 525. Let p = q - 38. Let v = -44 + p. What are the prime factors of v?
19
Let u = 370 - -364. List the prime factors of u.
2, 367
Let u = -6993 + 12523. List the prime factors of u.
2, 5, 7, 79
Suppose -5*o - 5 = a - 0*a, -4*a = -3*o + 20. Suppose 4*j = 4*x + 268, -4*j - 4*x + 192 + 60 = o. What are the prime factors of j?
5, 13
Suppose -25080 = -18*a + 3*a. What are the prime factors of a?
2, 11, 19
Suppose 4*q = -4*g + 104, 2*q - 112 = -2*g - 2*g. List the prime factors of (g*1 - 1) + 0 + -2.
3
Let h(g) be the first derivative of -4*g - 4 + 1/2*g**2. What are the prime factors of h(11)?
7
Let z = 77 + -38